?
2, 3, 11, 173
What are the prime factors of 269277?
3, 89759
What are the prime factors of 32551?
43, 757
List the prime factors of 1381885.
5, 191, 1447
List the prime factors of 67067.
7, 11, 13, 67
List the prime factors of 14859922.
2, 7, 11, 96493
List the prime factors of 132595.
5, 23, 1153
List the prime factors of 128939.
128939
What are the prime factors of 2124736?
2, 33199
List the prime factors of 34663.
17, 2039
List the prime factors of 25589.
25589
List the prime factors of 6048871.
37, 163483
What are the prime factors of 1122137?
1122137
What are the prime factors of 274201?
274201
What are the prime factors of 70123?
70123
What are the prime factors of 1320345?
3, 5, 13, 37, 61
List the prime factors of 1959475.
5, 7, 11197
List the prime factors of 1210555.
5, 83, 2917
What are the prime factors of 746961?
3, 248987
What are the prime factors of 360945?
3, 5, 13, 617
List the prime factors of 1229154.
2, 3, 204859
List the prime factors of 560419.
43, 13033
What are the prime factors of 14263143?
3, 43, 110567
List the prime factors of 27805040.
2, 5, 347563
What are the prime factors of 204644?
2, 11, 4651
What are the prime factors of 16127522?
2, 8063761
List the prime factors of 1356512.
2, 42391
What are the prime factors of 32865912?
2, 3, 67, 757
List the prime factors of 585305.
5, 7, 2389
What are the prime factors of 258246?
2, 3, 14347
List the prime factors of 2095670.
2, 5, 209567
List the prime factors of 6809862.
2, 3, 1134977
List the prime factors of 641345.
5, 19, 43, 157
What are the prime factors of 1895518?
2, 73, 12983
What are the prime factors of 378976?
2, 13, 911
What are the prime factors of 12430559?
12430559
List the prime factors of 16592386.
2, 8296193
List the prime factors of 40144722.
2, 3, 6690787
What are the prime factors of 5323488?
2, 3, 23, 2411
What are the prime factors of 27710916?
2, 3, 41, 151, 373
What are the prime factors of 681676?
2, 193, 883
What are the prime factors of 118479?
3, 73, 541
List the prime factors of 944668.
2, 236167
What are the prime factors of 285?
3, 5, 19
List the prime factors of 45242187.
3, 15080729
List the prime factors of 1571188.
2, 107, 3671
List the prime factors of 1733686.
2, 866843
List the prime factors of 823664.
2, 51479
What are the prime factors of 725532?
2, 3, 103, 587
List the prime factors of 187404.
2, 3, 7, 23, 97
List the prime factors of 3155914.
2, 17, 92821
What are the prime factors of 1660350?
2, 3, 5, 11069
List the prime factors of 1731308.
2, 419, 1033
List the prime factors of 5044243.
101, 49943
List the prime factors of 538256.
2, 33641
What are the prime factors of 3851436?
2, 3, 320953
What are the prime factors of 143890?
2, 5, 14389
What are the prime factors of 9397317?
3, 23, 136193
What are the prime factors of 8374589?
8374589
List the prime factors of 9629204.
2, 13, 185177
List the prime factors of 111171.
3, 37057
What are the prime factors of 4307723?
7, 615389
List the prime factors of 1080742.
2, 13, 197, 211
What are the prime factors of 1282180?
2, 5, 64109
List the prime factors of 82228.
2, 61, 337
What are the prime factors of 311532?
2, 3, 13, 1997
List the prime factors of 1434493.
1434493
List the prime factors of 12520828.
2, 3130207
List the prime factors of 3171881.
3171881
What are the prime factors of 1526477?
709, 2153
List the prime factors of 14454140.
2, 5, 41, 17627
List the prime factors of 19265039.
41, 469879
List the prime factors of 286155.
3, 5, 6359
What are the prime factors of 20978564?
2, 5244641
What are the prime factors of 956342?
2, 478171
List the prime factors of 12673867.
89, 142403
What are the prime factors of 399398?
2, 17, 691
What are the prime factors of 4435297?
23, 79, 2441
List the prime factors of 7298032.
2, 7, 17, 3833
What are the prime factors of 4273563?
3, 7, 109, 1867
List the prime factors of 575095.
5, 115019
List the prime factors of 308187.
3, 11, 283
List the prime factors of 591752.
2, 7, 10567
List the prime factors of 4387864.
2, 13, 31, 1361
What are the prime factors of 276447?
3, 43, 2143
List the prime factors of 1498566.
2, 3, 379, 659
What are the prime factors of 11263578?
2, 3, 823, 2281
List the prime factors of 278722.
2, 139361
List the prime factors of 71243.
191, 373
What are the prime factors of 1413536?
2, 163, 271
List the prime factors of 1909897.
11, 23, 7549
List the prime factors of 750471.
3, 37, 6761
What are the prime factors of 43890?
2, 3, 5, 7, 11, 19
List the prime factors of 9416759.
11, 17, 37, 1361
What are the prime factors of 1530860?
2, 5, 76543
What are the prime factors of 869160?
2, 3, 5, 7243
What are the prime factors of 409544?
2, 51193
List the prime factors of 394278.
2, 3, 65713
What are the prime factors of 564701?
564701
What are the prime factors of 4707990?
2, 3, 5, 7, 47, 53
List the prime factors of 533685.
3, 5, 47, 757
What are the prime factors of 856291?
37, 23143
List the prime factors of 196086.
2, 3, 11, 2971
What are the prime factors of 171769?
13, 73, 181
List the prime factors of 296186.
2, 11, 13463
List the prime factors of 2007774.
2, 3, 37181
What are the prime factors of 1604673?
3, 7, 25471
What are the prime factors of 11024567?
23, 131, 3659
List the prime factors of 1415172.
2, 3, 11, 71, 151
What are the prime factors of 1813762?
2, 906881
What are the prime factors of 11026353?
3, 13, 17, 16631
List the prime factors of 2499983.
2499983
What are the prime factors of 6895462?
2, 7, 41, 293
List the prime factors of 208183.
19, 10957
What are the prime factors of 1975664?
2, 123479
What are the prime factors of 337533?
3, 7, 16073
What are the prime factors of 246623?
13, 61, 311
List the prime factors of 236040.
2, 3, 5, 7, 281
What are the prime factors of 18129915?
3, 5, 73, 5519
What are the prime factors of 68869?
61, 1129
List the prime factors of 5366588.
2, 19, 241, 293
What are the prime factors of 1197294?
2, 3, 7, 29, 983
What are the prime factors of 41604?
2, 3, 3467
What are the prime factors of 300870?
2, 3, 5, 3343
What are the prime factors of 57302?
2, 7, 4093
What are the prime factors of 6291391?
101, 167, 373
What are the prime factors of 5444485?
5, 571, 1907
What are the prime factors of 70751?
139, 509
List the prime factors of 10472043.
3, 3490681
List the prime factors of 171771.
3, 31, 1847
What are the prime factors of 14415939?
3, 821, 1951
List the prime factors of 15892605.
3, 5, 39241
What are the prime factors of 13297114?
2, 229, 29033
What are the prime factors of 416243?
416243
List the prime factors of 826080.
2, 3, 5, 1721
List the prime factors of 2081815.
5, 59, 7057
List the prime factors of 2317692.
2, 3, 13, 83, 179
List the prime factors of 11763090.
2, 3, 5, 19, 2293
List the prime factors of 28091241.
3, 3121249
List the prime factors of 3417799.
7, 11, 17, 373
What are the prime factors of 14864063?
71, 209353
List the prime factors of 132550.
2, 5, 11, 241
What are the prime factors of 2626301?
23, 89, 1283
What are the prime factors of 885007?
401, 2207
List the prime factors of 12392060.
2, 5, 619603
List the prime factors of 295227.
3, 32803
List the prime factors of 89446.
2, 7, 6389
List the prime factors of 49914.
2, 3, 47, 59
What are the prime factors of 965758?
2, 29, 16651
List the prime factors of 9292577.
7, 19, 109, 641
What are the prime factors of 1577131?
349, 4519
What are the prime factors of 687363?
3, 19, 31, 389
What are the prime factors of 76761?
3, 2843
List the prime factors of 271941.
3, 90647
List the prime factors of 7263829.
7263829
What are the prime factors of 986748?
2, 3, 7, 17, 691
List the prime factors of 544392.
2, 3, 7561
List the prime factors of 97176.
2, 3, 4049
What are the prime factors of 3294458?
2, 29, 79, 719
What are the prime factors of 1946427?
3, 7, 13241
List the prime factors of 7238224.
2, 7, 64627
What are the prime factors of 11077260?
2, 3, 5, 23, 349
List the prime factors of 160861.
160861
What are the prime factors of 14346348?
2, 3, 43, 27803
What are the prime factors of 199114?
2, 29, 3433
What are the prime factors of 2110462?
2, 1055231
List the prime factors of 83065.
5, 37, 449
List the prime factors of 321903.
3, 47, 761
List the prime factors of 1480504.
2, 